{"id":1559,"date":"2018-06-08T11:00:50","date_gmt":"2018-06-08T09:00:50","guid":{"rendered":"http:\/\/www.jrk-altoetting.de\/wordpress\/?page_id=1559"},"modified":"2018-06-08T11:29:16","modified_gmt":"2018-06-08T09:29:16","slug":"datenschutzerklaerung","status":"publish","type":"page","link":"https:\/\/www.jrk-altoetting.de\/wordpress\/datenschutzerklaerung\/","title":{"rendered":"Datenschutzerkl\u00e4rung"},"content":{"rendered":"<h5 class=\"o-cms-content__headline\">I. Name und Anschrift des Verantwortlichen<\/h5>\n<p>Bayerisches Rotes Kreuz, Kreisverband Alt\u00f6tting, Raitenharter Stra\u00dfe 8, 84503 Alt\u00f6tting, Tel. 08671 5066-0 Fax: 08671 5066-30,&nbsp;<a class=\"internal-link\" title=\"Kontakt\" href=\"https:\/\/www.jrk-altoetting.de\/wordpress\/jugendrotkreuz-altoetting\/jrk-gruppen-im-kreisverband\/\">Kontaktformular<\/a>,&nbsp;<a class=\"external-link-new-window\" title=\"\u00d6ffnet externen Link in neuem Fenster\" href=\"https:\/\/www.kvaltoetting.brk.de\/\" data-htmlarea-external=\"1\">www.kvaltoetting.brk.de<\/a><\/p>\n<h5 class=\"o-cms-content__headline\">II. Kontaktdaten des Datenschutzbeauftragten<\/h5>\n<p>Unseren Datenschutzbeauftragten erreichen Sie unter&nbsp;<a class=\"internal-link\" title=\"Kontakt\" href=\"https:\/\/www.jrk-altoetting.de\/wordpress\/jugendrotkreuz-altoetting\/jrk-gruppen-im-kreisverband\/\">datenschutz@kvaltoetting.brk.de<\/a>&nbsp;oder unter der oben angegebenen Postadresse mit dem Zusatz \u201eDatenschutzbeauftragter\u201c.<\/p>\n<h5 class=\"o-cms-content__headline\">III. Allgemeines zur Datenverarbeitung<\/h5>\n<p><strong>Umfang der Verarbeitung personenbezogener Daten<\/strong><\/p>\n<p>Wir erheben und verwenden personenbezogene Daten unserer Nutzer grunds\u00e4tzlich nur, soweit dies zur Bereitstellung einer funktionsf\u00e4higen Website sowie unserer Inhalte und Leistungen erforderlich ist. Die Erhebung und Verwendung personenbezogener Daten unserer Nutzer erfolgt regelm\u00e4\u00dfig nur nach Einwilligung des Nutzers. Eine Ausnahme gilt in solchen F\u00e4llen, in denen eine vorherige Einholung einer Einwilligung aus tats\u00e4chlichen Gr\u00fcnden nicht m\u00f6glich ist und die Verarbeitung der Daten durch gesetzliche Vorschriften gestattet ist.&nbsp;<\/p>\n<p><strong>Rechtsgrundlage f\u00fcr die Verarbeitung personenbezogener Daten<\/strong><\/p>\n<p>Folgende Rechtsgrundlagen bestehen f\u00fcr die Verarbeitung Ihrer personenbezogenen Daten:&nbsp;<\/p>\n<ul>\n<li>Einwilligung<\/li>\n<li>Vertragserf\u00fcllung oder vorvertragliche Ma\u00dfnahmen&nbsp;<\/li>\n<li>rechtlichen Verpflichtung&nbsp;<\/li>\n<li>Zur Wahrung eines berechtigten Interesses unseres Unternehmens oder eines Dritten erforderlich und die Interessen, Grundrechte und Grundfreiheiten des Betroffenen \u00fcberwiegen das erstgenannte Interesse nicht &nbsp;<\/li>\n<\/ul>\n<p><strong>Datenl\u00f6schung und Speicherdauer<\/strong><\/p>\n<p>Die personenbezogenen Daten der betroffenen Person werden gel\u00f6scht oder gesperrt, sobald der Zweck der Speicherung entf\u00e4llt. Eine Speicherung kann dar\u00fcber hinaus dann erfolgen, wenn der L\u00f6schung eine gesetzliche Aufbewahrungsfrist z.B. aus der Abgabenordnung und dem Handelsgesetzbuch entgegensteht. Grunds\u00e4tzlich speichern wir Ihre Daten 10 Jahre.&nbsp;<\/p>\n<p><strong>Beschreibung und Umfang der Datenverarbeitung<\/strong><\/p>\n<p>Bei jedem Aufruf unserer Internetseite erfasst unser System automatisiert Daten und Informationen vom Computersystem des aufrufenden Rechners. Folgende Daten werden hierbei erhoben:&nbsp;<\/p>\n<ul>\n<li>\u00fcber den Browsertyp und die verwendete Version<\/li>\n<li>das Betriebssystem des Nutzers<\/li>\n<li>Den Internet-Service-Provider des Nutzers<\/li>\n<li>Die IP-Adresse des Nutzers<\/li>\n<li>Datum und Uhrzeit des Zugriffs<\/li>\n<li>Websites, von denen das System des Nutzers auf unsere Internetseite gelangt&nbsp;<\/li>\n<li>Websites, die vom System des Nutzers \u00fcber unsere Website aufgerufen werden<\/li>\n<\/ul>\n<p>Aufgrund von gesetzlichen Vorschriften ist es uns erlaubt, die Daten und Logfiles vor\u00fcbergehend zu speichern. Die vor\u00fcbergehende Speicherung der IP-Adresse (Dauer der Nutzung) ist notwendig, um Ihnen die Webseite an Sie auszuliefern.<\/p>\n<p>Die vor\u00fcbergehende Speicherung der IP-Adresse durch das System ist notwendig, um eine Auslieferung der Website an den Rechner des Nutzers zu erm\u00f6glichen. Hierf\u00fcr muss die IP-Adresse des Nutzers f\u00fcr die Dauer der Sitzung gespeichert bleiben. Die Daten werden bis zum Ende der jeweiligen Sitzung von uns gespeichert und dann automatisch gel\u00f6scht. Da diese Daten f\u00fcr den Betrieb der Webseite zwingend erforderlich ist, haben Sie als Nutzer keine M\u00f6glichkeit der Verarbeitung zu widersprechen.&nbsp;&nbsp;<\/p>\n<h5 class=\"o-cms-content__headline\">IV. Kontaktformular<\/h5>\n<p>Auf unserer Webseite finden Sie auch Kontaktformulare. Diese k\u00f6nnen zur elektronischen Kontaktaufnahme genutzt werden. Die darin eingegebenen Daten werden von uns verarbeitet. Folgende Daten werden im Rahmen der Kontaktaufnahme verarbeitet:&nbsp;<\/p>\n<ul>\n<li>IP-Adresse sowie Datum und Uhrzeit der Eingabe&nbsp;<\/li>\n<li>E-Mailadresse<\/li>\n<li>Namendaten<\/li>\n<li>Ihr Mitteilungstext<\/li>\n<\/ul>\n<p>F\u00fcr die Verarbeitung der Daten wird im Rahmen des Absende-Vorgangs Ihre Einwilligung eingeholt und auf diese Datenschutzerkl\u00e4rung verwiesen.<\/p>\n<p>Eine Weitergabe Ihrer Daten an Dritte erfolgt nicht. Es verfolgt in diesem Zusammenhang keine Weitergabe der Daten an Dritte. Die Daten werden ausschlie\u00dflich f\u00fcr die Verarbeitung der Konversation verwendet. Rechtsgrundlage f\u00fcr die Datenverarbeitung ist eine Einwilligung. Sollten Sie den Kontakt zu uns suchen, um einen Vertrag abschlie\u00dfen, so ist die Rechtsgrundlage die Vertragserf\u00fcllung oder eine vorvertragliche Ma\u00dfnahme. Zweck der Dateneingabe in das Kontaktformular ist die Kontaktaufnahme zu uns. Die Daten werden gel\u00f6scht, wenn der Zweck der Datenverarbeitung erreicht ist. Dies kann bei der Kontaktaufnahme von den Umst\u00e4nden des Einzelfalls abh\u00e4ngen. M\u00f6glicherweise steht der unmittelbaren L\u00f6schung eine gesetzliche Aufbewahrungsfrist entgegen. Sie k\u00f6nnen Ihre Einwilligung uns gegen\u00fcber widerrufen.&nbsp;<\/p>\n<h5 class=\"o-cms-content__headline\">V. Rechte der betroffenen Person<\/h5>\n<p>Sie sind Betroffener und es stehen Ihnen folgende Rechte uns gegen\u00fcber zu:&nbsp;<\/p>\n<ul>\n<li>Sie k\u00f6nnen Auskunft verlangen, welche personenbezogene Daten, welcher Herkunft \u00fcber Sie zu welchem Zweck gespeichert sind. Ebenso m\u00fcssen Sie dar\u00fcber unterrichtet werden, wenn Ihre Daten an Dritte \u00fcbermittelt werden. In diesem Fall ist Ihnen gegen\u00fcber die Identit\u00e4t des Empf\u00e4ngers oder \u00fcber die Kategorien von Empf\u00e4nger Auskunft zu geben.&nbsp;<\/li>\n<li>Sollten Ihre personenbezogenen Daten unrichtig oder unvollst\u00e4ndig sein, so k\u00f6nnen Sie Ihre Berichtigung oder Erg\u00e4nzung verlangen.&nbsp;<\/li>\n<li>Sie k\u00f6nnen der Verarbeitung Ihrer personenbezogenen Daten zu Werbezwecken widersprechen. F\u00fcr diese Zwecke m\u00fcssen Ihre Daten dann gesperrt werden.&nbsp;<\/li>\n<li>Sie haben ein Recht auf Einschr\u00e4nkung der Verarbeitung, wenn Sie die Richtigkeit der Sie betreffenden personenbezogenen f\u00fcr eine Dauer bestreiten, die es dem Verantwortlichen erm\u00f6glicht, die Richtigkeit der personenbezogenen Daten zu \u00fcberpr\u00fcfen; die Verarbeitung unrechtm\u00e4\u00dfig ist und Sie die L\u00f6schung der personenbezogenen Daten ablehnen und stattdessen die Einschr\u00e4nkung der Nutzung der personenbezogenen Daten verlangen; der Verantwortliche die personenbezogenen Daten f\u00fcr die Zwecke der Verarbeitung nicht l\u00e4nger ben\u00f6tigt, Sie diese jedoch zur Geltendmachung, Aus\u00fcbung oder Verteidigung von Rechtsanspr\u00fcchen ben\u00f6tigen, oder wenn Sie Widerspruch gegen die Verarbeitung gem\u00e4\u00df Art.&nbsp;21 Abs.&nbsp;1 DSGVO eingelegt haben und noch nicht feststeht, ob die berechtigten Gr\u00fcnde des Verantwortlichen gegen\u00fcber Ihren Gr\u00fcnden \u00fcberwiegen.<\/li>\n<li>Sie k\u00f6nnen die L\u00f6schung Ihrer Daten verlangen. Dies ist dann m\u00f6glich, wenn die Rechtsgrundlage f\u00fcr die Datenverarbeitung fehlt oder weggefallen ist. Gleiches gilt f\u00fcr den Fall, dass der Zweck der Datenverarbeitung durch Zeitablauf oder anderen Gr\u00fcnden entfallen ist. Bitte beachten Sie, dass einer L\u00f6schung eine bestehende Aufbewahrungsfrist oder andere schutzw\u00fcrdige Interessen unseres Unternehmens entgegenstehen kann. Auf Nachfrage teilen wir Ihnen dieses gerne mit. Sollten wir Ihre Daten \u00f6ffentlich gemacht haben, so sind wir verpflichtet, jeden Empf\u00e4nger dar\u00fcber zu informieren, dass Sie die L\u00f6schung aller Links zu diesen personenbezogenen Daten oder von Kopien dieser personenbezogenen Daten verlangt haben.&nbsp;<\/li>\n<li>Sie haben zudem ein Widerspruchsrecht, wenn Ihr schutzw\u00fcrdiges Interesse aufgrund einer pers\u00f6nlichen Situation das Interesse der Verarbeitung \u00fcberwiegt. Dies gilt aber dann nicht, wenn wir aufgrund einer Rechtsvorschrift zur Durchf\u00fchrung der Verarbeitung verpflichtet sind. &nbsp;<\/li>\n<li>Unbeschadet eines anderweitigen verwaltungsrechtlichen oder gerichtlichen Rechtsbehelfs steht Ihnen das Recht auf Beschwerde bei unserer Aufsichtsbeh\u00f6rde, zu, wenn Sie der Ansicht sind, dass die Verarbeitung der Sie betreffenden personenbezogenen Daten gegen den Datenschutz verst\u00f6\u00dft. Die Kontaktdaten unserer Aufsichtsbeh\u00f6rde lauten:<br \/>\nDer Bayerische Landesbeauftragte f\u00fcr den Datenschutz, Postfach 22 12 19, 80502 M\u00fcnchen, E-Mail:&nbsp;<a>poststelle@datenschutz-bayern.de<\/a><\/li>\n<li>Sie haben das Recht, die Sie betreffenden personenbezogenen Daten, die Sie dem Verantwortlichen bereitgestellt haben, in einem strukturierten, g\u00e4ngigen und maschinenlesbaren Format zu erhalten.<\/li>\n<\/ul>\n<h5 class=\"o-cms-content__headline\">VI. Weitergabe von personenbezogenen Daten an Dritte<\/h5>\n<p><em><strong>Web Analytics<\/strong><\/em><\/p>\n<ol>\n<li>Einsatz von Jetpack\/ehem. WordPress.com-Stats<\/li>\n<\/ol>\n<p>(1)&nbsp;&nbsp;&nbsp;&nbsp;&nbsp;&nbsp; Diese Website nutzt den Webanalysedienst Jetpack (fr\u00fcher: WordPress.com-Stats), um die Nutzung unserer Website analysieren und regelm\u00e4\u00dfig verbessern zu k\u00f6nnen. \u00dcber die gewonnenen Statistiken k\u00f6nnen wir unser Angebot verbessern und f\u00fcr Sie als Nutzer interessanter ausgestalten. Weiterhin nutzen wir das System f\u00fcr Ma\u00dfnahmen zum Schutz der Sicherheit der Website, z. B. dem Erkennen von Angriffen oder Viren. F\u00fcr die Ausnahmef\u00e4lle, in denen personenbezogene Daten in die USA \u00fcbertragen werden, hat sich Automattic Inc. dem EU-US Privacy Shield unterworfen, https:\/\/www.privacyshield.gov. Rechtsgrundlage f\u00fcr die Nutzung von Jetpack ist Art. 6 Abs. 1 S. 1 lit. f DS-GVO.<\/p>\n<p>(2)&nbsp;&nbsp;&nbsp;&nbsp;&nbsp;&nbsp; F\u00fcr diese Auswertung werden Cookies (n\u00e4heres dazu in \u00a7 3) auf Ihrem Computer gespeichert. Die so erhobenen Informationen werden auf einem Server in den USA gespeichert. Wenn Sie die Speicherung der Cookies verhindern, weisen wir darauf hin, dass Sie gegebenenfalls diese Website nicht vollumf\u00e4nglich nutzen k\u00f6nnen. Die Verhinderung der Speicherung von Cookies ist m\u00f6glich durch die Einstellung in ihrem Browser oder indem Sie den Button \u201eClick here to Opt-out\u201c unter http:\/\/www.quantcast.com\/opt-out bet\u00e4tigen.<\/p>\n<p>(3)&nbsp;&nbsp;&nbsp;&nbsp;&nbsp;&nbsp; Diese Website verwendet Jetpack mit einer Erweiterung, durch die IP-Adressen direkt nach ihrer Erhebung gek\u00fcrzt weiterverarbeitet werden, um so eine Personenbeziehbarkeit auszuschlie\u00dfen.<\/p>\n<p>(4)&nbsp;&nbsp;&nbsp;&nbsp;&nbsp;&nbsp; Informationen des Drittanbieters: Automattic Inc., 60 29 th Street #343, San Francisco, CA 94110\u20134929, USA, https:\/\/automattic.com\/privacy, sowie des Drittanbieters der Trackingtechnologie: Quantcast Inc., 201 3 rd St, Floor 2, San Francisco, CA 94103\u20133153, USA, https:\/\/www.quantcast.com\/privacy.<\/p>\n<p><strong><em>Social Media<\/em><\/strong><\/p>\n<p>1. Einsatz von Social-Media-Plug-ins<\/p>\n<p>(1) Wir setzen derzeit folgende Social-Media-Plug-ins ein: Facebook, Google+, Twitter. Wir nutzen dabei die sog. Zwei-Klick-L\u00f6sung. Das hei\u00dft, wenn Sie unsere Seite besuchen, werden zun\u00e4chst grunds\u00e4tzlich keine personenbezogenen Daten an die Anbieter der Plug-ins weitergegeben. Den Anbieter des Plug-ins erkennen Sie \u00fcber die Markierung auf dem Kasten \u00fcber seinen Anfangsbuchstaben oder das Logo. Wir er\u00f6ffnen Ihnen die M\u00f6glichkeit, \u00fcber den Button direkt mit dem Anbieter des Plug-ins zu kommunizieren. Nur wenn Sie auf das markierte Feld klicken und es dadurch aktivieren, erh\u00e4lt der Plug-in-Anbieter die Information, dass Sie die entsprechende Website unseres Online-Angebots aufgerufen haben. Zudem werden die unter \u00a7 3 dieser Erkl\u00e4rung genannten Daten \u00fcbermittelt. Im Fall von Facebook und Xing wird nach Angaben der jeweiligen Anbieter in Deutschland die IP-Adresse sofort nach Erhebung anonymisiert. Durch die Aktivierung des Plug-ins werden also personenbezogene Daten von Ihnen an den jeweiligen Plug-in-Anbieter \u00fcbermittelt und dort (bei US-amerikanischen Anbietern in den USA) gespeichert. Da der Plug-in-Anbieter die Datenerhebung insbesondere \u00fcber Cookies vornimmt, empfehlen wir Ihnen, vor dem Klick auf den ausgegrauten Kasten \u00fcber die Sicherheitseinstellungen Ihres Browsers alle Cookies zu l\u00f6schen.<\/p>\n<p>(2) Wir haben weder Einfluss auf die erhobenen Daten und Datenverarbeitungsvorg\u00e4nge, noch sind uns der volle Umfang der Datenerhebung, die Zwecke der Verarbeitung, die Speicherfristen bekannt. Auch zur L\u00f6schung der erhobenen Daten durch den Plug-in-Anbieter liegen uns keine Informationen vor.<\/p>\n<p>(3) Der Plug-in-Anbieter speichert die \u00fcber Sie erhobenen Daten als Nutzungsprofile und nutzt diese f\u00fcr Zwecke der Werbung, Marktforschung und\/oder bedarfsgerechten Gestaltung seiner Website. Eine solche Auswertung erfolgt insbesondere (auch f\u00fcr nicht eingeloggte Nutzer) zur Darstellung von bedarfsgerechter Werbung und um andere Nutzer des sozialen Netzwerks \u00fcber Ihre Aktivit\u00e4ten auf unserer Website zu informieren. Ihnen steht ein Widerspruchsrecht gegen die Bildung dieser Nutzerprofile zu, wobei Sie sich zur Aus\u00fcbung dessen an den jeweiligen Plug-in-Anbieter wenden m\u00fcssen. \u00dcber die Plug-ins bieten wir Ihnen die M\u00f6glichkeit, mit den sozialen Netzwerken und anderen Nutzern zu interagieren, so dass wir unser Angebot verbessern und f\u00fcr Sie als Nutzer interessanter ausgestalten k\u00f6nnen. Rechtsgrundlage f\u00fcr die Nutzung der Plug-ins ist Art. 6 Abs. 1 S. 1 lit. f DS-GVO.<\/p>\n<p>(4) Die Datenweitergabe erfolgt unabh\u00e4ngig davon, ob Sie ein Konto bei dem Plug-in-Anbieter besitzen und dort eingeloggt sind. Wenn Sie bei dem Plug-in-Anbieter eingeloggt sind, werden Ihre bei uns erhobenen Daten direkt Ihrem beim Plug-in-Anbieter bestehenden Konto zugeordnet. Wenn Sie den aktivierten Button bet\u00e4tigen und z. B. die Seite verlinken, speichert der Plug-in-Anbieter auch diese Information in Ihrem Nutzerkonto und teilt sie Ihren Kontakten \u00f6ffentlich mit. Wir empfehlen Ihnen, sich nach Nutzung eines sozialen Netzwerks regelm\u00e4\u00dfig auszuloggen, insbesondere jedoch vor Aktivierung des Buttons, da Sie so eine Zuordnung zu Ihrem Profil bei dem Plug-in-Anbieter vermeiden k\u00f6nnen.<\/p>\n<p>(5) Weitere Informationen zu Zweck und Umfang der Datenerhebung und ihrer Verarbeitung durch den Plug-in-Anbieter erhalten Sie in den im Folgenden mitgeteilten Datenschutzerkl\u00e4rungen dieser Anbieter. Dort erhalten Sie auch weitere Informationen zu Ihren diesbez\u00fcglichen Rechten und Einstellungsm\u00f6glichkeiten zum Schutze Ihrer Privatsph\u00e4re.<\/p>\n<p>(6) Adressen der jeweiligen Plug-in-Anbieter und URL mit deren Datenschutzhinweisen:<\/p>\n<p>a) Facebook Inc., 1601 S California Ave, Palo Alto, California 94304, USA; http:\/\/www.facebook.com\/policy.php; weitere Informationen zur Datenerhebung: http:\/\/www.facebook.com\/help\/186325668085084, http:\/\/www.facebook.com\/about\/privacy\/your-info-on-other#applications sowie http:\/\/www.facebook.com\/about\/privacy\/your-info#everyoneinfo.&nbsp;Facebook hat sich dem EU-US-Privacy-Shield unterworfen, https:\/\/www.privacyshield.gov\/EU-US-Framework.<\/p>\n<p>b) Google Inc., 1600 Amphitheater Parkway, Mountainview, California 94043, USA; https:\/\/www.google.com\/policies\/privacy\/partners\/?hl=de.&nbsp;Google hat sich dem EU-US-Privacy-Shield unterworfen, https:\/\/www.privacyshield.gov\/EU-US-Framework.<\/p>\n<p>c) Twitter, Inc., 1355 Market St, Suite 900, San Francisco, California 94103, USA; https:\/\/twitter.com\/privacy.&nbsp;Twitter hat sich dem EU-US-Privacy-Shield unterworfen, https:\/\/www.privacyshield.gov\/EU-US-Framework.<\/p>\n<p>2. Einbindung von YouTube-Videos<\/p>\n<p>(1) Wir haben YouTube-Videos in unser Online-Angebot eingebunden, die auf http:\/\/www.YouTube.com gespeichert sind und von unserer Website aus direkt abspielbar sind. Erst wenn Sie die Videos abspielen, werden die in Absatz 2 genannten Daten \u00fcbertragen. Auf diese Daten\u00fcbertragung haben wir keinen Einfluss.<\/p>\n<p>(2) Durch den Besuch auf der Website erh\u00e4lt YouTube die Information, dass Sie die entsprechende Unterseite unserer Website aufgerufen haben. Zudem werden die unter \u00a7 3 dieser Erkl\u00e4rung genannten Daten \u00fcbermittelt. Dies erfolgt unabh\u00e4ngig davon, ob YouTube ein Nutzerkonto bereitstellt, \u00fcber das Sie eingeloggt sind, oder ob kein Nutzerkonto besteht. Wenn Sie bei Google eingeloggt sind, werden Ihre Daten direkt Ihrem Konto zugeordnet. Wenn Sie die Zuordnung mit Ihrem Profil bei YouTube nicht w\u00fcnschen, m\u00fcssen Sie sich vor Aktivierung des Buttons ausloggen. YouTube speichert Ihre Daten als Nutzungsprofile und nutzt sie f\u00fcr Zwecke der Werbung, Marktforschung und\/oder bedarfsgerechten Gestaltung seiner Website. Eine solche Auswertung erfolgt insbesondere (selbst f\u00fcr nicht eingeloggte Nutzer) zur Erbringung von bedarfsgerechter Werbung und um andere Nutzer des sozialen Netzwerks \u00fcber Ihre Aktivit\u00e4ten auf unserer Website zu informieren. Ihnen steht ein Widerspruchsrecht zu gegen die Bildung dieser Nutzerprofile, wobei Sie sich zur Aus\u00fcbung dessen an YouTube richten m\u00fcssen.<\/p>\n<p>(3) Weitere Informationen zu Zweck und Umfang der Datenerhebung und ihrer Verarbeitung durch YouTube erhalten Sie in der Datenschutzerkl\u00e4rung. Dort erhalten Sie auch weitere Informationen zu Ihren Rechten und Einstellungsm\u00f6glichkeiten zum Schutze Ihrer Privatsph\u00e4re: https:\/\/www.google.de\/intl\/de\/policies\/privacy. Google verarbeitet Ihre personenbezogenen Daten auch in den USA und hat sich dem EU-US-Privacy-Shield unterworfen, https:\/\/www.privacyshield.gov\/EU-US-Framework.<\/p>\n","protected":false},"excerpt":{"rendered":"<p>I. Name und Anschrift des Verantwortlichen Bayerisches Rotes Kreuz, Kreisverband Alt\u00f6tting, Raitenharter Stra\u00dfe 8, 84503 Alt\u00f6tting, Tel. 08671 5066-0 Fax: 08671 5066-30,&nbsp;Kontaktformular,&nbsp;www.kvaltoetting.brk.de II. Kontaktdaten des Datenschutzbeauftragten Unseren Datenschutzbeauftragten erreichen Sie unter&nbsp;datenschutz@kvaltoetting.brk.de&nbsp;oder unter der oben angegebenen Postadresse mit dem Zusatz \u201eDatenschutzbeauftragter\u201c. III. Allgemeines zur Datenverarbeitung Umfang der Verarbeitung personenbezogener Daten Wir erheben und verwenden personenbezogene Daten &hellip; <\/p>\n<p class=\"link-more\"><a href=\"https:\/\/www.jrk-altoetting.de\/wordpress\/datenschutzerklaerung\/\" class=\"more-link\"><span class=\"screen-reader-text\">\u201eDatenschutzerkl\u00e4rung\u201c <\/span>weiterlesen<\/a><\/p>\n","protected":false},"author":2,"featured_media":0,"parent":0,"menu_order":0,"comment_status":"closed","ping_status":"closed","template":"","meta":{"ngg_post_thumbnail":0,"footnotes":""},"class_list":["post-1559","page","type-page","status-publish","hentry"],"_links":{"self":[{"href":"https:\/\/www.jrk-altoetting.de\/wordpress\/wp-json\/wp\/v2\/pages\/1559","targetHints":{"allow":["GET"]}}],"collection":[{"href":"https:\/\/www.jrk-altoetting.de\/wordpress\/wp-json\/wp\/v2\/pages"}],"about":[{"href":"https:\/\/www.jrk-altoetting.de\/wordpress\/wp-json\/wp\/v2\/types\/page"}],"author":[{"embeddable":true,"href":"https:\/\/www.jrk-altoetting.de\/wordpress\/wp-json\/wp\/v2\/users\/2"}],"replies":[{"embeddable":true,"href":"https:\/\/www.jrk-altoetting.de\/wordpress\/wp-json\/wp\/v2\/comments?post=1559"}],"version-history":[{"count":2,"href":"https:\/\/www.jrk-altoetting.de\/wordpress\/wp-json\/wp\/v2\/pages\/1559\/revisions"}],"predecessor-version":[{"id":1575,"href":"https:\/\/www.jrk-altoetting.de\/wordpress\/wp-json\/wp\/v2\/pages\/1559\/revisions\/1575"}],"wp:attachment":[{"href":"https:\/\/www.jrk-altoetting.de\/wordpress\/wp-json\/wp\/v2\/media?parent=1559"}],"curies":[{"name":"wp","href":"https:\/\/api.w.org\/{rel}","templated":true}]}}